{"id":6369,"date":"2020-12-08T07:10:22","date_gmt":"2020-12-08T06:10:22","guid":{"rendered":"https:\/\/achetezvosfleurs.fr\/?post_type=product&#038;p=6369"},"modified":"2020-12-14T22:09:45","modified_gmt":"2020-12-14T21:09:45","slug":"coupe-de-plantes-7","status":"publish","type":"product","link":"https:\/\/achetezvosfleurs.fr\/index.php\/product\/coupe-de-plantes-7\/","title":{"rendered":"coupe de plantes"},"content":{"rendered":"<p>composition de plantes ext\u00e9rieures sapin , rosier, cyclamen, campanule, primev\u00e8re, rose de no\u00ebl, lierre<\/p>\n","protected":false},"excerpt":{"rendered":"<p><img loading=\"lazy\" decoding=\"async\" class=\"alignnone size-medium wp-image-6364\" src=\"https:\/\/achetezvosfleurs.fr\/ychikebi\/2020\/12\/c11-216x300.jpg\" alt=\"\" width=\"216\" height=\"300\" srcset=\"https:\/\/achetezvosfleurs.fr\/wp-content\/uploads\/2020\/12\/c11-216x300.jpg 216w, https:\/\/achetezvosfleurs.fr\/wp-content\/uploads\/2020\/12\/c11-737x1024.jpg 737w, https:\/\/achetezvosfleurs.fr\/wp-content\/uploads\/2020\/12\/c11-768x1067.jpg 768w, https:\/\/achetezvosfleurs.fr\/wp-content\/uploads\/2020\/12\/c11-1105x1536.jpg 1105w, https:\/\/achetezvosfleurs.fr\/wp-content\/uploads\/2020\/12\/c11-1474x2048.jpg 1474w, https:\/\/achetezvosfleurs.fr\/wp-content\/uploads\/2020\/12\/c11-105x146.jpg 105w, https:\/\/achetezvosfleurs.fr\/wp-content\/uploads\/2020\/12\/c11-36x50.jpg 36w, https:\/\/achetezvosfleurs.fr\/wp-content\/uploads\/2020\/12\/c11-54x75.jpg 54w, https:\/\/achetezvosfleurs.fr\/wp-content\/uploads\/2020\/12\/c11-600x834.jpg 600w, https:\/\/achetezvosfleurs.fr\/wp-content\/uploads\/2020\/12\/c11-scaled.jpg 1842w\" sizes=\"auto, (max-width: 216px) 100vw, 216px\" \/><\/p>\n","protected":false},"featured_media":6365,"template":"","meta":[],"class_list":["post-6369","product","type-product","status-publish","has-post-thumbnail","hentry","product_cat-compositions-plantes","product_cat-deuil","product_cat-exterieure"],"_links":{"self":[{"href":"https:\/\/achetezvosfleurs.fr\/index.php\/wp-json\/wp\/v2\/product\/6369","targetHints":{"allow":["GET"]}}],"collection":[{"href":"https:\/\/achetezvosfleurs.fr\/index.php\/wp-json\/wp\/v2\/product"}],"about":[{"href":"https:\/\/achetezvosfleurs.fr\/index.php\/wp-json\/wp\/v2\/types\/product"}],"wp:featuredmedia":[{"embeddable":true,"href":"https:\/\/achetezvosfleurs.fr\/index.php\/wp-json\/wp\/v2\/media\/6365"}],"wp:attachment":[{"href":"https:\/\/achetezvosfleurs.fr\/index.php\/wp-json\/wp\/v2\/media?parent=6369"}],"curies":[{"name":"wp","href":"https:\/\/api.w.org\/{rel}","templated":true}]}}